 is -33c7 - 2?
-33c9
In base 13, what is 3 + 827?
82a
In base 5, what is 4 - -4101?
4110
In base 15, what is -c5 - 5?
-ca
In base 9, what is -10 + -2?
-12
In base 13, what is -97 + 43?
-54
In base 11, what is 1046 + 17?
1062
In base 14, what is -4d + 5?
-48
In base 3, what is 100012 - 2?
100010
In base 8, what is -12 - -767?
755
In base 10, what is 0 - -312?
312
In base 4, what is -32033 - 120?
-32213
In base 15, what is -1a9 - -5?
-1a4
In base 11, what is 2 + -13a?
-138
In base 7, what is -12245 + 0?
-12245
In base 7, what is -31 + -60?
-121
In base 13, what is 22 + -14?
b
In base 8, what is 1 + -33?
-32
In base 16, what is -30 - 3?
-33
In base 6, what is 13 + 1?
14
In base 3, what is 20 - -100201?
100221
In base 9, what is 2 + -1366?
-1364
In base 13, what is 6 + -23?
-1a
In base 11, what is -52 - -12?
-40
In base 12, what is 1 - 7ba?
-7b9
In base 6, what is 154 + 3?
201
In base 12, what is -3 + -5b?
-62
In base 15, what is -b + 60?
54
In base 5, what is 12144 + -1?
12143
In base 6, what is 23245 - 4?
23241
In base 4, what is 33 - -10?
103
In base 11, what is 2378 - -5?
2382
In base 7, what is -5 + 5312?
5304
In base 13, what is 1 - 30?
-2c
In base 3, what is -1202001 - -2?
-1201222
In base 12, what is 0 + a1?
a1
In base 2, what is 11010 + -10001111?
-1110101
In base 2, what is 11010010110 + -10?
11010010100
In base 14, what is -37 + 4?
-33
In base 9, what is -2312 + 4?
-2307
In base 10, what is 3278 - -3?
3281
In base 11, what is 1a2 - -13?
205
In base 10, what is 4 + 65?
69
In base 9, what is 370 - 1?
368
In base 16, what is -3 - -1e?
1b
In base 12, what is -354 + 5?
-34b
In base 13, what is 128 + -19?
10c
In base 3, what is -20212210 - -10?
-20212200
In base 7, what is -3 - -513?
510
In base 14, what is 0 - 29?
-29
In base 7, what is -62 - 3?
-65
In base 4, what is 112310 - 1?
112303
In base 7, what is -2024 + -1?
-2025
In base 14, what is -83 - -1?
-82
In base 3, what is -20 + 211202?
211112
In base 4, what is 2 - 33122?
-33120
In base 12, what is -5 + -a5?
-aa
In base 16, what is 24 - -4?
28
In base 3, what is 10 - 20200?
-20120
In base 4, what is 0 - -2021?
2021
In base 5, what is 1023 - -203?
1231
In base 15, what is -4 + -31?
-35
In base 7, what is 3 - -201?
204
In base 5, what is -1 - 313?
-314
In base 15, what is -92 + 4?
-8d
In base 10, what is -5 + 404?
399
In base 10, what is 6754 - -3?
6757
In base 5, what is 23421 + 31?
24002
In base 7, what is 2 - 2152?
-2150
In base 8, what is -14 - -25?
11
In base 5, what is 334 - -11?
400
In base 15, what is -d + -1?
-e
In base 16, what is -4 + -50?
-54
In base 6, what is 21 + 20?
41
In base 7, what is -150514 + 2?
-150512
In base 12, what is -14 + 1b?
7
In base 14, what is -4 - -b3?
ad
In base 2, what is -1001111111 + -101?
-1010000100
In base 11, what is -1054 + 2?
-1052
In base 15, what is 0 - 8b?
-8b
In base 11, what is -2181 - -4?
-2178
In base 16, what is 3b76 + -4?
3b72
In base 4, what is 120 - -1013?
1133
In base 4, what is -22 - 131?
-213
In base 5, what is -1 - -1411?
1410
In base 4, what is -33313 - 0?
-33313
In base 6, what is -3 - 12243?
-12250
In base 4, what is -1303 + 1?
-1302
In base 3, what is 21110202 + 11?
21110220
In base 13, what is 4 - -4c?
53
In base 7, what is -21 + 155?
134
In base 11, what is 374 - 0?
374
In base 13, what is 4bb - -c?
4ca
In base 6, what is 15 - -1510?
1525
In base 9, what is 1 + -600?
-588
In base 15, what is 18e + 0?
18e
In base 8, what is -115 + -20?
-135
In base 13, what is -3 + -45?
-48
In base 6, what is 22 - 3?
15
In base 16, what is -5 + ba7?
ba2
In base 3, what is 0 + -122010?
-122010
In base 9, what is -4 + -6082?
-6086
In base 4, what is 2 - 31?
-23
In base 15, what is 5 + -10b?
-106
In base 2, what is 1001111010 - -1010?
1010000100
In base 2, what is 111010010 - 101?
111001101
In base 15, what is -28 + -15?
-3d
In base 7, what is 13061 + 2?
13063
In base 5, what is -314 + 11?
-303
In base 5, what is -103 - 3203?
-3311
In base 7, what is -4263 - -21?
-4242
In base 10, what is 837 + 11?
848
In base 10, what is 506 - 36?
470
In base 9, what is -2 + -50?
-52
In base 2, what is -101 + 1010110?
1010001
In base 6, what is -301 - 225?
-530
In base 3, what is 22 + 11200?
11222
In base 16, what is 12 - -d?
1f
In base 10, what is 3 + 14?
17
In base 14, what is 37 - -9?
42
In base 4, what is -2 - -22202?
22200
In base 8, what is -5 + -13241?
-13246
In base 15, what is 15 - -1?
16
In base 8, what is 4 - -77?
103
In base 11, what is 150 + -6?
145
In base 15, what is 3 + -19?
-16
In base 15, what is -11 + -6?
-17
In base 4, what is 0 + -200?
-200
In base 4, what is 11 - 2020?
-2003
In base 2, what is -110100100 + 101?
-110011111
In base 5, what is 31 - 132?
-101
In base 8, what is -56 + -24?
-102
In base 5, what is 104 - -231?
340
In base 13, what is -69 + 2?
-67
In base 5, what is -23243 + -4?
-23302
In base 11, what is 0 + -22?
-22
In base 11, what is -6 - -12?
7
In base 5, what is -1200 - 2?
-1202
In base 6, what is 402 - 101?
301
In base 14, what is 22 - 35?
-13
In base 11, what is 15 - -4?
19
In base 13, what is 41 + 7?
48
In base 15, what is -12 - 67?
-79
In base 3, what is -21121 - -102?
-21012
In base 13, what is 3 + -23?
-20
In base 10, what is -28 - 5?
-33
In base 2, what is -111 - -101111?
101000
In base 7, what is -34 - 22?
-56
In base 4, what is 0 + -3103?
-3103
In base 3, what is -10 - -20212?
20202
In base 14, what is 1 - -2a?
2b
In base 8, what is 5 - 413?
-406
In base 15, what is -4 + -23?
-27
In base 3, what is 220 - -21001?
21221
In base 9, what is -3264 - -1?
-3263
In base 8, what is 53 - 4?
47
In base 4, what is 3 - -13311?
13320
In base 6, what is -13451 - -10?
-13441
In base 7, what is 3 - 2533?
-2530
In base 12, what is -1 + -129?
-12a
In base 7, what is 4 - 223?
-216
In base 6, what is 30 + 13?
43
In base 15, what is -2 + 305?
303
In base 13, what is 87 - -9?
93
In base 11, what is 9 + 28?
36
In base 2, what is 1010 + 11011001?
11100011
In base 11, what is 9 - 2?
7
In base 14, what is -3b8 + 5?
-3b3
In base 13, what is 2 - -12?
14
In base 15, what is -7b5 + -7?
-7bc
In base 3, what is -101220 - 21?
-102011
In base 11, what is 2869 + -5?
2864
In base 11, what is 1 - 18a?
-189
In base 4, what is 23 - 101?
-12
In base 12, what is -3 + -45?
-48
In base 3, what is 1010 - -22?
1102
In base 5, what is -1233 - -10?
-1223
In base 7, what is 164 - 4?
160
In base 3, what is -112 - -20?
-22
In base 12, what is -4 + -68?
-70
In base 2, what is -10000000 + 101?
-1111011
In base 3, what is -12 - 202?
-221
In base 5, what is -2143 - 10?
-2203
In base 6, what is 4245 - -2?
4251
In base 9, what is -5 + 52?
46
In base 6, what is 52 + -30?
22
In base 3, what is -201 - 12?
-220
In base 11, what is -1 + -138?
-139
In base 15, what is 13 + 4b?
5e
In base 7, what is 1460 + 11?
1501
In base 9, what is -1 + -5651?
-5652
In base 11, what is 0 - 61?
-61
In base 10, what is -23 + -11?
-34
In base 13, what is 39 + -6?
33
In base 5, what is 43 + -4?
34
In base 16, what is -1872 - 3?
-1875
In base 3, what is 111122 + 101?
112000
In base 16, what is 0 + -f1?
-f1
In base 13, what is -c - -7?
-5
In base 16, what is -4 - -115?
111
In base 7, what is -312 - -104?
-205
In base 16, what is 2 - 131?
-12f
In base 10, what is -5 - -1244?
1239
In base 14, what is 1 - 152?
-151
In base 9, what is 128 + 1?
130
In base 14, what is 2 - -bb3?
bb5
In base 10, what is 1 - 1380?
-1379
In base 15, what is 3 + -9?
-6
In base 6, what is 1 + -451?
-450
In base 12, what is 8 - -7?
13
In base 6, what is 50 - 1?
45
In base 11, what is 1612 + 3?
1615
In base 14, what is -1 - 15?
-16
In base 4, what is 300 - 10103?
-3203
In base 9, what is -10266 - 5?
-10272
In base 9, what is 20 + 2818?
2838
In base 4, what is 10211 + 3?
10220
In base 10, what is 6 - -19?
25
In base 9, what is -1 - 101?
-102
In base 4, what is 230 - 1?
223
In base 14, what is 46 + -2b?
19
In base 16, what is 4e43 - 5?
4e3e
In base 3, what is -100 + 1220?
1120
In base 3, what is -11201100 - 10?
-11201110
In base 15, what is 0 - -306?
306
In base 10, what is 4 + -411?
-407
In base 5, what is 2330 - -4?
2334
In base 14, what is 5 + -19d?
-198
In base 8, what is 2 - 120?
-116
In base 5, what is 123 - -3?
131
In base 10, what is 5 + -53?
-48
In base 3, what is -120220 - 201?
-121121
In base 4, what is -1111 - -20?
-